l.
9
Suppose 0 = 5*o - 6 - 34. Calculate the remainder when o is divided by 5.
3
Suppose 2*h - 3*s - 2 = -0, 0 = h - 3*s - 4. Let a = -13 - -19. What is the remainder when a - (0 + 1)*h is divided by 5?
3
Let d be 6/(-9)*-30 - -3. Let y = d - 15. Calculate the remainder when y is divided by 3.
2
Suppose 30 = -4*c - 3*f + 116, -5*f - 30 = -2*c. What is the remainder when c is divided by 11?
9
Let s(r) = r**3 + 4*r**2 - r - 2. Let a be s(-5). Calculate the remainder when (-3)/2*-6 - -2 is divided by a/(-4) - (-2)/4.
5
Suppose -n - 2*n - 2*m = -96, 5*m + 96 = 3*n. Calculate the remainder when n is divided by 9.
5
Let i(u) = 2*u**3 + u**2 + 3*u + 2. Let s = 352 + -341. What is the remainder when i(3) is divided by s?
8
Suppose 0 = 5*d - 3*m - 276, 7*d - 2*m = 6*d + 51. Calculate the remainder when d is divided by 10.
7
Suppose j - 7 = -5*q, -q + 2*j + 0 = -8. Let w be (-21)/(-9) + 4/6. Suppose 3 = 3*o - w. What is the remainder when q is divided by o?
0
Let m(d) = d**3 - 23*d**2 + 12*d + 42. What is the remainder when m(23) is divided by 10?
8
Let v(g) = g**3 - 8*g**2 + 7*g + 3. Calculate the remainder when v(7) is divided by ((-2)/(-6))/(6/54).
0
Let b(z) = z**3 + 0*z - 26 + 72 + 0*z**3 + z**2 - z. Calculate the remainder when b(0) is divided by 24.
22
Let m(u) = 9*u**2 - u. Let b be m(1). Let p = b + 3. Calculate the remainder when 30 is divided by p.
8
Let a be (-3 - 10/(-3))*-27. What is the remainder when 18 is divided by a/6*60/(-9)?
8
Let a(v) = 2*v + 6. What is the remainder when 34 is divided by a(6)?
16
Let v = 14 - 10. What is the remainder when 51 is divided by ((-4)/5)/(v/(-130))?
25
Suppose 17 = 5*q - 13. Let i = 37 - 35. What is the remainder when q is divided by i?
0
Let g(w) = 4*w - 3. Let k be g(4). Let o = -4 + k. What is the remainder when 12 + 4 + 0 + 0 is divided by o?
7
Let g(t) = -t**3 - 9*t**2 - 18*t + 16. What is the remainder when g(-8) is divided by 14?
12
Let u = -69 - -96. Calculate the remainder when u is divided by (2/3)/(1/15).
7
Let r be (3/(-2))/((-6)/(-8)). Calculate the remainder when (r + 0)*26/(-4) is divided by (0 - 3) + (12 - 2).
6
Suppose 10 = -7*a + 8*a. Calculate the remainder when 57 is divided by a.
7
Suppose h + 138 = 160. Calculate the remainder when 43 is divided by h.
21
Suppose -4*v + 12 = -3*v. Calculate the remainder when 19 is divided by v.
7
Suppose a + 40 = -4*a. Let z = a + 3. Let m = 12 + z. Calculate the remainder when 20 is divided by m.
6
Let g = 3 - 5. Let b be (2 - 4 - 2)/g. Suppose -c = -5*a - 17 - 2, -17 = -b*c + 3*a. What is the remainder when 6 is divided by c?
2
Suppose 5*p - 3 = -28, p = 5*m - 390. What is the remainder when m is divided by 20?
17
Suppose -4*f + 70 = -2*n, 3*n - 21 - 50 = -5*f. What is the remainder when 61 is divided by f?
13
Let y = 15 + -8. What is the remainder when 7 is divided by 1*y + -11 + 7?
1
Suppose 4*l - 17 - 7 = 0. Calculate the remainder when 20 is divided by l.
2
What is the remainder when 13 is divided by 8 - (7 - 3/1)?
1
Suppose 4*k + 44 = 8*k. What is the remainder when 32 is divided by k?
10
Suppose 5*k = -2*u + 334, 10*u - 10 = 5*u. Calculate the remainder when k is divided by 12.
6
Let f = 32 + 13. What is the remainder when f is divided by 8?
5
Let u(k) = k**2 - 2*k - 3. Let h be u(5). Suppose 16*i + 112 = h*i. Calculate the remainder when 48 is divided by 1/(-1)*3 - i.
23
Let j(z) = 2*z**2 + 4*z - 3. Suppose 373 = -4*u + 421. What is the remainder when j(4) is divided by u?
9
Suppose 4*s - 9 - 23 = 0. What is the remainder when ((-46)/(-4))/((-2)/(-4)) is divided by s?
7
Let m(c) = -1 + c**2 - 2 - 4 + 3. What is the remainder when 22 is divided by m(4)?
10
Suppose -21*l + 19*l = -246. What is the remainder when l is divided by 25?
23
Suppose -5*b + 6 = -i, b - 2*b = 2*i + 1. Let n = 5 + i. What is the remainder when 7 is divided by n?
3
Let i = 13 + -21. Let a be (-4)/14 - i/28. Suppose a*u + 17 = u. Calculate the remainder when 33 is divided by u.
16
Suppose -4*p = 5*i + 41, 0 = 5*p - 0*p + 2*i + 30. Let g = p + 6. Calculate the remainder when 5 is divided by g.
1
Suppose 5*a + 41 = y, 5*y - 5*a = -7*a + 124. What is the remainder when y is divided by 16?
10
Suppose 2*g = 3*q - 2*g - 12, -g = 2*q - 19. Suppose 2*a - 24 = 6*a + 5*t, -5*a - 2*t - 13 = 0. Let y = 13 - a. What is the remainder when y is divided by q?
6
Suppose k - 4*k + 4*u = -13, 0 = -k - 3*u. Suppose k = -5*a + 4*a, 3*l + 2*a = -54. Let q = l - -26. Calculate the remainder when 28 is divided by q.
8
Let p(s) = 5*s + 11. What is the remainder when p(9) is divided by 19?
18
Suppose -1 - 35 = -2*w. Suppose -6*i + 4*i - 100 = 0. Let p = i - -103. Calculate the remainder when p is divided by w.
17
Let l = 56 + -28. Suppose -l = -5*d + d. Calculate the remainder when 12 is divided by d.
5
Suppose 4*a + 180 = 7*i - 3*i, 4*a - 16 = 0. Calculate the remainder when 94 is divided by i.
45
Let h(g) = 2*g + 4. Calculate the remainder when 35 is divided by h(4).
11
Let w = -4 - -18. Suppose 3*a = 2*a + f + w, -52 = -4*a + 3*f. Let z = 25 - a. What is the remainder when 44 is divided by z?
14
Let t(z) = -3*z + 22. Let o be t(9). Let w(p) = p + 9. Calculate the remainder when 14 is divided by w(o).
2
Calculate the remainder when 43 is divided by (-304)/(-14) + 10/35.
21
Let l be 462/9 - (-2)/3. Let o = -29 + l. Let w = 52 - o. Calculate the remainder when w is divided by 10.
9
Let j = 112 + -82. Calculate the remainder when 50 is divided by j.
20
Suppose 5*r + 2 = 7. Suppose -k = 3*k - 28. What is the remainder when 5/k - 2/(-7) is divided by r?
0
Suppose y = 2*i - 2 - 8, -26 = -2*i - 3*y. Let n be -2 + 0 + 0/1. What is the remainder when ((-78)/(-9))/(n/(-3)) is divided by i?
6
Suppose 2*h = -5*q, -3*h - 3 = 5*q + 2. Suppose 7*x - q*x = 70. What is the remainder when x is divided by 3?
2
Suppose -4*d - 29 = -9. Let h = 50 - d. Calculate the remainder when h is divided by 14.
13
What is the remainder when 75 is divided by (-98)/(-5) - (-21)/(-35)?
18
Suppose 2*d - 70 = -6. Calculate the remainder when 63 is divided by d.
31
Suppose 5*j - 73 = 2*y + 35, -4*y + 48 = 2*j. Calculate the remainder when 85 is divided by j.
19
Let k = 3 + 2. Suppose 2*s + 2*n = 34 - 4, -3*n = -k*s + 67. Let x(d) = -2*d**3 - 3*d**2 - 1. What is the remainder when x(-3) is divided by s?
12
Calculate the remainder when 62 is divided by (-45)/9 + -1 + 10.
2
Suppose 22 = 5*w - 28. Let x(k) = -k**2 + 5*k + 4. Calculate the remainder when w is divided by x(5).
2
Suppose -q = -t + 4*t - 16, -5*t - q = -30. Calculate the remainder when 11 is divided by t.
4
Let d(t) = 2*t**2 - 3*t + 1. Suppose -3*n - 2*f = -60, 4*n + 4 = 2*f + 70. What is the remainder when n is divided by d(3)?
8
Suppose -14*d = -12*d - 156. What is the remainder when d is divided by 27?
24
Suppose 8*d - 6 = 6*d. Suppose x - 7 = d. Calculate the remainder when 27 is divided by x.
7
Let l(g) = 8*g**2 + g + 3. What is the remainder when l(-3) is divided by 25?
22
Let c = 8 + -4. Suppose j + 3*v + 78 = 4*j, 96 = c*j + 4*v. Suppose -4*s = s - 65. Calculate the remainder when j is divided by s.
12
Let i(v) = -3*v**3 + 10*v**2 + 5*v - 9. Let g(t) = 4*t**3 - 11*t**2 - 4*t + 8. Let l(x) = 2*g(x) + 3*i(x). What is the remainder when l(8) is divided by 12?
9
Let g(k) be the second derivative of -k**5/20 - k**4/2 - 7*k**3/6 - 4*k**2 - 2*k. Suppose 5*m + 24 = 84. Calculate the remainder when g(-6) is divided by m.
10
Let c(y) = 6*y + 5. Let r = -20 + 25. What is the remainder when c(r) is divided by 18?
17
Suppose 6*p - 30 = -0*p. What is the remainder when p is divided by 3?
2
Let v = -149 - -202. Let r = 23 - 9. Calculate the remainder when v is divided by r.
11
Calculate the remainder when (10/(-15))/(2/(-237)) is divided by 20.
19
Let o be (-4)/(-3)*(-3)/(-2). Suppose -h + 13 = o*t - 13, -2*h + 63 = 5*t. What is the remainder when t is divided by 6?
5
Let a(x) = -2*x**2 + 10*x + 8. Let f be a(10). Let h = -29 - f. Suppose h = 4*c - c. Calculate the remainder when c is divided by 11.
10
Suppose 0 = 3*y + u - 78, -3*y + 87 = -u + 5*u. Calculate the remainder when y is divided by 14.
11
Suppose -g = -6*g + 25. Calculate the remainder when 17 is divided by g.
2
Let k = 13 + -6. What is the remainder when 13 is divided by k?
6
Suppose -23*q = -9*q - 658. Let c be